ommon divisor of z and g.
6
Let a(n) = 4*n - 24. Let g be a(6). Suppose 10*w + 281 + 199 = g. Let o = w + 57. Calculate the greatest common factor of 117 and o.
9
Let a be (-1 + 3)/(-3 + (-88)/(-24)). Suppose -13*b + 12*b = -z - 29, -95 = -a*b - z. Calculate the greatest common factor of 93 and b.
31
Let a = -33 - -31. Let q be (0 + 223)*(2 - a). Suppose -4*h = -3*u - 0*u + q, -883 = -3*u - 5*h. Calculate the highest common factor of u and 37.
37
Suppose -34*x + 91031 = -22359. What is the highest common divisor of 145 and x?
145
Let u(h) = -14*h**2 - 2*h - 1. Let i be u(-3). Let a be (-2)/7 - i/7. Let g be (-912)/(-27) - (-8)/36. What is the greatest common factor of a and g?
17
Let k = 135 + -94. Suppose s = x + 8, 4*s - k = 3*x - 12. Suppose 47 = s*m - 18. Calculate the greatest common divisor of 65 and m.
13
Suppose 13*y + 0*y = 117. Suppose 8*t = y*t - 112. Suppose 0 = -k - 3*l + 2, 3*k + 8*l - 22 = 3*l. What is the highest common factor of t and k?
14
Let z be (-70 - -67)/((-1)/309). What is the highest common factor of z and 206?
103
Let u = 7313 - 6433. Calculate the greatest common factor of u and 3344.
176
Suppose -7*k + 700 = -0*k. Let h = -16 + 16. Let b = k + h. What is the greatest common factor of 25 and b?
25
Let b(m) = m**3 - 4*m**2 + 10*m - 4. Let n be b(2). Suppose 2*j + n - 38 = 0. What is the highest common factor of 255 and j?
15
Suppose 141 = 2*y + 3*i, 4*i + 186 = -7*y + 10*y. Let k be 12/y*-1 - 840/(-22). What is the greatest common factor of 190 and k?
38
Suppose 35*p + 18*p - 9*p = 586696. Calculate the highest common factor of p and 452.
226
Suppose -2*g + 20626 = -4*n, -3*g - 7821 = -5*n - 38768. Calculate the greatest common divisor of g and 99.
33
Let t = 1444 + -1279. Let c(h) = h - 8. Let w be c(6). Let j be w/5 - 501/(-15). Calculate the greatest common factor of t and j.
33
Let m = -3590 + 3722. Calculate the greatest common divisor of 198 and m.
66
Let n = -6552 - -7793. What is the greatest common divisor of n and 219?
73
Suppose 0*h = -2*h + 28. Suppose 19*p = 20*p - h. Suppose -12*o + p*o = 10. What is the highest common factor of 25 and o?
5
Let z(d) = -150*d**2 - 327*d - 2. Let x be z(-2). Calculate the highest common factor of 5564 and x.
52
Let j = -18 - -94. What is the greatest common divisor of j and 2052?
76
Let u = 630 - -882. Calculate the greatest common divisor of 30 and u.
6
Let z = 39 - 35. Suppose 0*c = -z*c + 28. Suppose 2*v - 1 = -5*y + c, 1 = v + 4*y. What is the greatest common factor of 72 and v?
9
Let k = -4105 - -4424. Calculate the greatest common divisor of k and 232.
29
Let p be ((-4)/(-18))/(12/216). Suppose -6 = -q + 2*u, 0*u + 36 = 4*q + p*u. Calculate the greatest common divisor of 152 and q.
8
Suppose -19*a + 1099 = 487 - 851. What is the highest common factor of a and 198?
11
Let v(x) = 824*x - 15331. Let s be v(19). Calculate the highest common divisor of 455 and s.
65
Let t = -255 - -255. Suppose 6*m - 659 + 83 = t. Calculate the highest common divisor of 864 and m.
96
Let y = 67 - 70. Let f = y + 39. Calculate the greatest common divisor of f and 9.
9
Let s(l) = -l**2 + l + 96. Let i be s(9). Suppose -i*x - 3*k + 95 = -19*x, x - 36 = -4*k. Calculate the greatest common factor of 64 and x.
16
Suppose 865*p - 861*p = -12. Let b be p*6/(-27) - (-340)/12. What is the greatest common divisor of b and 1769?
29
Suppose 7*v + 242 = -9*v + 290. What is the highest common factor of 8706 and v?
3
Let f(l) = 2*l**3 + 119*l**2 - 87*l - 1599. Let q be f(-60). What is the greatest common factor of q and 28182?
21
Suppose 0*v + 5*v = -25. Let i(o) = 9*o**2 - 5*o + 6. Let y be i(v). Let d be 5640/176 - (7 - (-2907)/(-418)). Calculate the greatest common divisor of d and y.
32
Suppose -3*p = 2*b + 179, b + 0*b + 3*p + 97 = 0. Let i = b - -84. Suppose i = -2*r - 5*k, -k - k - 35 = -3*r. Calculate the highest common factor of 9 and r.
9
Let p be (15 - (-12 + 12 - 97))*(-3)/(-1). Calculate the greatest common factor of p and 8820.
84
Let d(h) = h**3 + 3*h**2 - 6*h - 6. Let n be d(-4). Suppose -n*i + 94 = m, -i + 4*m + 26 = -3. Let s = 62 + -32. What is the greatest common divisor of i and s?
15
Let p = -13 - -22. Let w(s) = s**2 - 9*s + 4. Let i be w(p). Suppose -890 = -i*j - 7*o + 9*o, -3*o + 681 = 3*j. What is the highest common divisor of 32 and j?
32
Let z = -10034 + 10118. Calculate the highest common divisor of z and 18.
6
Let m = 3423 - 3303. Calculate the highest common factor of 540 and m.
60
Let k = 2490 + -2464. What is the highest common divisor of 1742 and k?
26
Let p(q) = 2*q**2 + 4*q - 2. Let g be p(-4). Let a = g + -18. Let j be (a/(20/(-225)))/1. What is the greatest common divisor of 5 and j?
5
Let g(n) = 17*n + 67. Let d be g(-4). Let z = -62 + 37. Let f be (34/5)/(d/z). Calculate the greatest common divisor of f and 68.
34
Let v be (-1416690)/(-2438) + 4/3*(-6)/92. Calculate the highest common factor of v and 498.
83
Suppose 40*j - 66*j = -4*o - 760, -j + 60 = -4*o. Let z be 5/((-15)/(-276)) - 1. What is the greatest common factor of z and j?
7
Let m be ((-150)/(-4) - 0) + (-3 - (-210)/60). Calculate the greatest common factor of 361 and m.
19
Suppose 4*d = -4*h - 0*d + 36, d = -3*h + 17. Suppose 1 = -5*b - 4*v + 27, 0 = -2*b + 2*v - h. Calculate the greatest common divisor of b and 8.
2
Suppose 0 = 6*r + 33 + 45. Let k be r/5 - ((-23)/5 - -5). Let j(t) = t**2 - 9*t + 3. Let s be j(k). What is the greatest common factor of 26 and s?
13
Suppose -28 = -2*u + 4*t + 76, -3*t = -5*u + 267. Let v = 427 + -537. Let z = v - -245. What is the greatest common factor of z and u?
27
Let o = -931 - -966. Let f be ((-81)/54)/((-2)/(-4)). Let b be f*3*(-15)/27. What is the highest common divisor of o and b?
5
Suppose -1704*p - 5290 = -1750*p. Suppose -n + 406 = 3*y, 2*y + 0*y = -3*n + 1183. What is the highest common divisor of p and n?
23
Let r(v) = v**3 + 6*v**2 + 10*v + 17. Let t be r(-4). Suppose t*i = 16*i - 1281. Suppose -182*k - 9 = -i*k. What is the greatest common factor of k and 144?
9
Let v(i) = -31*i - 9. Suppose 2*m = -2*a + 106, 3*m = -3*a - m + 162. Let w = -53 + a. Let g be v(w). What is the highest common factor of g and 28?
28
Suppose -4*n = 2*c + 40 - 282, -240 = -2*c - 5*n. Let t = -137 + 156. Let q = t + 6. Calculate the highest common factor of q and c.
25
Let x = 2099 + -2063. Calculate the greatest common factor of 3348 and x.
36
Suppose -3*b = b - 80. Suppose 368 = 9*i - 397. Let s = i + -65. Calculate the greatest common factor of b and s.
20
Let w = -18243 + 19555. What is the highest common factor of 144 and w?
16
Let j(p) = 11*p + 5. Let q be (((-1)/(-2))/((-2)/8))/(-2). Let t be j(q). Calculate the highest common factor of 80 and t.
16
Suppose -8 = -47*a + 45*a. Let s(d) = d**2 + 3*d - 8. Let o be s(a). Let h = -13 + 23. Calculate the highest common factor of o and h.
10
Let y(d) = -11*d**2 - 15*d - 61. Let z(g) = 20*g**2 + 30*g + 122. Let a(i) = 11*y(i) + 6*z(i). Let s be a(18). What is the highest common divisor of s and 7?
7
Let t(c) = -4*c**3 - 17*c**2 + 13*c + 12. Let z be t(-5). Let o be 608/5 - 27/45. What is the greatest common factor of z and o?
11
Suppose -67*r + 51*r = -112. Let k(i) = 127*i**2 - 4*i - 5. Let h be k(-1). What is the greatest common divisor of h and r?
7
Suppose -2*d + 293 = p + 58, -2*d = 10. Let j = p + -224. What is the greatest common divisor of j and 6?
3
Suppose 320*d + 26460 - 37030 - 47670 = 0. Calculate the highest common divisor of d and 7.
7
Let f = -34 + 44. Let a = -8 + f. Suppose -t - 3*i = -51, -a*t + 47 = -0*t - 5*i. Calculate the highest common divisor of 180 and t.
36
Let p be 5 + 85 + -2 - (7 - (11 - 0)). Let z(o) = 229*o**2 - 3*o - 2. Let w be z(-2). What is the greatest common factor of p and w?
92
Let l(h) = -4*h**2 + 2*h**2 + 2*h**2 - 11*h + 2*h**2 + 9. Let n be l(11). Let x be (15/(-6))/(-5) - n/(-4). Calculate the greatest common divisor of x and 22.
11
Suppose 4*a - 20413 = -14*p + 17*p, -2*p + 20418 = 4*a. Calculate the greatest common divisor of 87 and a.
29
Let p(g) = 38*g - 1108. Let b be p(57). What is the highest common factor of 92 and b?
46
Let q(w) = -w**3 - 15*w**2 + 18*w + 38. Let m be q(-16). Suppose -5*o + 178 = j, 3*o = m*o - 3*j - 114. What is the highest common divisor of o and 252?
36